ose -4*b - 420 = -11*b. Calculate the greatest common divisor of b and n.
30
Suppose 4*v + 2*a - 4450 = v, -4*v = 3*a - 5935. Calculate the highest common divisor of 40 and v.
40
Suppose 5*k = -3*b + 33, 6 = 3*b - 5*k + k. Let m be (5 - 328/(-3)) + (-2)/b. What is the greatest common divisor of 6 and m?
6
Suppose 0 = 466*j - 475*j + 189. Calculate the greatest common divisor of 24 and j.
3
Let z(k) = -k**3 - 6*k**2 + 7*k + 17. Let c be z(-7). Suppose -j + 22 = 3*r - c, 3 = j. What is the highest common factor of 96 and r?
12
Let t(r) = -8*r**3 + 2*r**2 + r + 2. Let a = -8 - -10. Let h be t(a). Let g be (h/6)/(2/(-3)). Calculate the greatest common divisor of 143 and g.
13
Let a = 852 + -257. Calculate the highest common factor of a and 70.
35
Suppose -7*w + 10*w = 18. Let m be ((-1)/2)/(w/(5 + -149)). What is the highest common factor of m and 108?
12
Suppose -n = -4 - 4. Let g = n - 14. Let x be g/24 - (-66)/8. What is the highest common divisor of 80 and x?
8
Suppose -2268 = 17901*k - 17929*k. Suppose 4*r - r - 162 = 0. What is the greatest common divisor of k and r?
27
Let j = 23 - 25. Let b be 16/10*j/(-8)*10. What is the highest common factor of b and 2?
2
Suppose -5*m + 464 = 4*p, m + 87 = 2*m - 5*p. Calculate the highest common factor of m and 690.
46
Suppose -3*u = -2*g + 59, -5*g + 2*g + 4*u + 90 = 0. Calculate the greatest common factor of g and 85.
17
Suppose u = -3*m + 64, 0 = 2*u + m - 0*m - 138. What is the greatest common factor of 1190 and u?
70
Suppose -696 = -3*p + p + 2*d, 0 = 4*p + 2*d - 1404. What is the greatest common divisor of 50 and p?
50
Let c(j) = j**3 - 4*j**2 - 5*j + 1. Let y be c(5). Let r be y + (-4)/(-6)*3. Suppose -22*o - 7*o + 58 = 0. Calculate the greatest common factor of r and o.
1
Let l be ((-9)/6)/((-1)/(-2)). Let j be (17/2)/(l/(-6)). Calculate the greatest common factor of j and 153.
17
Let a = -27 + 47. Suppose -73*x + 31*x = -630. What is the highest common factor of a and x?
5
Let a(j) = j**2 + 6*j + 9. Let x be a(-9). Let d = 134 - 110. Calculate the greatest common divisor of x and d.
12
Let q(n) = 7*n + 105. Let o(r) = 3*r + 53. Let j(b) = -13*o(b) + 6*q(b). Let g be j(21). What is the highest common divisor of 32 and g?
4
Let p(b) be the first derivative of -b**2/2 + 7*b - 5. Let c(l) = l - 1. Let o be c(6). Let v be p(o). Calculate the greatest common factor of 6 and v.
2
Let k = 909 - 861. Let d = 42 + -10. Calculate the highest common factor of d and k.
16
Let t = -756 + 1883. What is the greatest common factor of t and 49?
49
Let n = 130 + -25. Calculate the highest common factor of n and 20.
5
Suppose f - 6 = 17. Let k = f - 21. Suppose -1 = -3*l + k. Calculate the greatest common divisor of l and 2.
1
Let a = -31 + 19. Let h be 0*(4/a + 0). Suppose h = -4*x + 7 + 13. Calculate the greatest common factor of x and 20.
5
Let y(t) = -t**3 + 19*t**2 - 29*t - 15. Let r be y(17). Calculate the highest common divisor of 42 and r.
14
Let q(f) = -6*f**2 + 2*f + 7. Let o be q(-3). Let w = o + 97. Calculate the greatest common factor of w and 66.
22
Let x be (6/(-8))/(8/(-128)*4). Suppose 2*d = b + d - 7, 5*d - 21 = -x*b. What is the greatest common divisor of 140 and b?
7
Let s = 157 - 150. Suppose -14*d = -s*d - 224. Calculate the highest common divisor of d and 32.
32
Suppose -m = -0*m + 2*y - 34, 2*m + y = 65. Let l = m + -28. What is the greatest common divisor of l and 36?
4
Suppose -2*q - 22*l = -20*l - 2128, 3*q - 3176 = l. Calculate the highest common factor of 40 and q.
20
Let f = 1208 + -1170. What is the greatest common factor of f and 722?
38
Let h = 983 + -423. What is the greatest common divisor of 40 and h?
40
Suppose -2*d + 84 = -0*d. Suppose -15*x + 42 = -9*x. Let a(m) = 2*m. Let o be a(x). Calculate the highest common factor of o and d.
14
Let y be (57 - 6)*5/15. What is the highest common divisor of y and 2?
1
Let h = 735 - 611. Calculate the highest common factor of 93 and h.
31
Let q be 2/9 + 20346/54. Suppose -2*t + 2*j + 782 = -j, -q = -t - 2*j. Calculate the highest common divisor of 35 and t.
35
Let x(p) = p**2 + p + 1. Let q be x(3). Suppose -5*j - 12 = 18. Let r be 96 - 8 - j/(4/2). What is the greatest common divisor of r and q?
13
Let y = 5 + 1. Let h(n) be the first derivative of -n**4/4 + 7*n**3/3 - 2*n**2 - 10*n - 2. Let k be h(y). What is the greatest common divisor of k and 22?
2
Let p be ((-3)/9)/((-15)/90). Suppose 5*b = -3*m + 26, -3*b + m = p*b - 38. What is the greatest common divisor of b and 28?
7
Let c(p) = 3*p + 1. Let r be c(1). Suppose r*u - 2*u = 5380. Let g be 1/6 + u/60. What is the greatest common factor of 18 and g?
9
Let u be (10/(-25))/((-1)/5). Let z = u - -10. Suppose 95 + 1 = 2*c. Calculate the greatest common divisor of z and c.
12
Let g = 26 + -24. Let c be (g/(-10))/(1 - 12/10). Calculate the greatest common factor of 17 and c.
1
Let v = -49 + 20. Let z = 25 - v. Suppose 4*u - 35 = -5*h - u, -2*h + 2*u = -10. Calculate the greatest common divisor of z and h.
6
Let j(c) = -c**3 + 7*c**2 - 2*c - 16. Let q be j(6). Suppose 5*o - f - 454 = 0, -2*o + 196 = 4*f - q*f. Calculate the highest common divisor of o and 60.
30
Let a be (-64)/(-6) + 25/(-15). Let u be 66 + 9/6*-2. What is the greatest common divisor of a and u?
9
Let f be ((-136)/6)/((-1)/3). Calculate the highest common factor of 68 and f.
68
Let p be 10/(-4)*(-7 - 3). Let a(s) = 2*s**2 - 8*s - 24. Let u be a(8). Suppose -2*x = -60 - u. What is the highest common factor of p and x?
25
Suppose -3*a = -2*b + 162, 3*b - 4*a + a - 243 = 0. Let c(j) = 3*j**2 - 4*j + 5. Let w be c(2). What is the greatest common divisor of w and b?
9
Let k(v) = 12*v - 130. Let o be k(17). Calculate the greatest common factor of o and 259.
37
Suppose -n - 3 + 6 = 0. Suppose -j = -9 + n. Let q be (-6)/9*j - -16. What is the greatest common factor of 4 and q?
4
Let p = 157 - 155. Suppose o = 4*n - 185, 210 = 5*n + 5*o - p*o. Calculate the highest common factor of 18 and n.
9
Let h be 21/35 + (-72)/(-5). What is the greatest common divisor of h and 465?
15
Let k = 102 + 19. Suppose 0 - 19 = -2*b + 3*u, 12 = b + u. Calculate the greatest common divisor of k and b.
11
Suppose -2*z + 1032 = -14*s + 12*s, 1528 = 3*z + 2*s. What is the greatest common divisor of 8 and z?
8
Let z(b) = 10*b**2 - 2*b + 2. Let g be z(4). Suppose -37 = -5*i + 33. Suppose 0*s + s = i. Calculate the greatest common divisor of g and s.
14
Let v(w) = w**2 - 6*w - 45. Let r be v(-9). What is the greatest common divisor of r and 18?
18
Let z(a) = -27*a - 128. Let q be z(-5). Calculate the highest common factor of 175 and q.
7
Let a(k) = 22*k**3 - 2*k - 12. Let g be a(3). Calculate the highest common divisor of g and 64.
64
Let c(f) = -15*f**2 + 2*f + 1. Let a be c(-1). Let n be a/12 - (-4)/(-6). Let m be n/((-12)/9 - -1). What is the highest common divisor of 24 and m?
6
Let q = 153 - 89. Suppose 2*d + 19 = y, 2*y - 37 = 3*d - 9. Let x be (-10)/3*48/d. Calculate the highest common divisor of q and x.
16
Suppose -72 = -2*a + 2*l, 9 + 143 = 5*a + 2*l. Let o(h) = -27*h - 7. Let b be o(-3). Let w = 106 - b. Calculate the greatest common factor of a and w.
32
Suppose -3*p - 46 = -5*p + 3*j, -4*j - 88 = -4*p. What is the greatest common divisor of p and 8?
4
Suppose -3*m - m + 240 = -4*d, 5*d - 2*m + 291 = 0. Let z = -7 - d. Suppose 3*c - 13 = z. What is the highest common divisor of c and 189?
21
Let b be 15/(2 + (1 - 2)). Suppose -y + 10*q - 6*q + 31 = 0, 5*y - 79 = q. Calculate the highest common divisor of y and b.
15
Suppose 0 = 4*t + 4 + 4. Let o = 4 + t. Suppose 4*v - 2*k = 26, -3*v + 13 + 5 = -o*k. What is the greatest common divisor of v and 56?
8
Let t(r) = r**3 + 8*r**2 - 15*r + 65. Let w be t(-10). What is the highest common factor of w and 375?
15
Let o = 386 + -51. What is the highest common divisor of o and 5?
5
Suppose -4*j + 80 = 2*w, -209 = -5*w - 7*j + 6*j. What is the highest common divisor of 114 and w?
6
Suppose 35 = 5*z + v, 0*z + 5*z = -3*v + 35. Suppose -86*m = -63*m - 322. Calculate the highest common divisor of z and m.
7
Suppose -2*j = 5*d + 10 - 47, 3*j = d + 47. What is the greatest common divisor of j and 216?
8
Let b(i) = -i**2 + 5*i - 6. Let s be b(-9). Let p = 12 - s. Suppose -3*k = -2*k - 16. What is the highest co